Let s(x) = -5*x + 22. Let w be s(11). Let f = 21 - w. What is the remainder when f is divided by k?
16
Suppose 2889*p - 2902*p + 6461 = 0. What is the remainder when p is divided by 101?
93
Suppose -6 = 5*g - 1. Let i(h) = -169*h - 4. What is the remainder when i(g) is divided by 21?
18
Suppose -o + b = 23, 0 = 5*o - 9*b + 5*b + 112. What is the remainder when 18 is divided by (-6)/(-4) + (-190)/o?
7
Let n(v) = 6*v**2 + 2*v + 3. Calculate the remainder when n(-2) is divided by 31/4 - (-3)/12.
7
Let b(u) = -4*u**2 - u**3 - 6 - 3*u + u + u. Calculate the remainder when b(-5) is divided by ((-39)/(-9))/((-1)/(-3)).
11
Let b(h) = -h + 6. Let q be b(0). Suppose 5*u - x - 158 = 0, -q*u - x + 121 = -2*u. What is the remainder when 153 is divided by u?
29
Suppose 304 = -4*c - 4*c. Let r = c + 51. What is the remainder when 49 is divided by r?
10
Let k = -447 + 550. Calculate the remainder when k is divided by 35.
33
Let k be (2 - 0)*(7 - 2). Let y(b) = b**2 - 11*b + 8. Let g be y(k). What is the remainder when 53 is divided by (36/(-14))/(g/14)?
17
Calculate the remainder when (-225)/(-600) - 1397/(-8) is divided by 26.
19
Suppose o - 4*k = 20, -4*k = -2*o - k + 20. Let c(x) = 11*x. What is the remainder when c(o) is divided by 9?
8
Suppose 0 = -3*o + 4*b + 286, -4*b = -2*o + 118 + 78. Let z = -163 - -290. Let k = z - o. What is the remainder when k is divided by 8?
5
Let n(d) = d**2 + 10*d - 4. Let a(x) = 4*x**2 + 31*x - 13. Let y(z) = 2*a(z) - 7*n(z). Calculate the remainder when 151 is divided by y(9).
8
Let o = -13 + 47. Suppose 2*b - 4*r = r + o, 12 = -3*r. Let m = 191 + -189. Calculate the remainder when b is divided by m.
1
Calculate the remainder when (-5 + 36/8)*-352 is divided by 47.
35
Let h(z) = 22*z**2 - 218*z. Let u(o) = 97*o + 1. What is the remainder when u(1) is divided by h(10)?
18
Let c = -78 - -93. What is the remainder when c is divided by 10?
5
Let h(m) = m - 9. Let l(f) = -f + 9. Let d(c) = 6*h(c) + 7*l(c). Calculate the remainder when 48 is divided by d(-5).
6
Let i(v) = 12*v + 1. Let j = 19 - 11. Suppose 6 = -3*r, j*g + 5*r = 3*g + 105. Calculate the remainder when g is divided by i(1).
10
Suppose 73 = 4*t - 27. What is the remainder when t is divided by (7/3)/(9/27)?
4
Let c(j) = 2*j**3 - 44*j**2 + 6*j - 31. What is the remainder when c(22) is divided by 68?
33
Suppose -41 = 5*p - a - 487, 4*p - 358 = 2*a. Suppose 58 = 5*x - 7. Calculate the remainder when p is divided by x.
11
Let v(t) = -2*t**2 + 5*t - 1. Let o be v(1). Suppose -5*q + 3*s + 150 = 5*s, -o*s - 138 = -4*q. Calculate the remainder when 95 is divided by q.
31
Suppose 159 = c + 34. Suppose i - w - 20 = 0, 2*w + 47 = 3*i - 9. Calculate the remainder when c is divided by i.
13
Let u(y) = y**2 + 7*y + 7. Let i be -2 + 2 - 2 - 5. Let f = 142 + -122. What is the remainder when f is divided by u(i)?
6
Let j(t) = t**3 + 13*t**2 + 10*t - 9. Let l be 252/(-98)*(-28)/(-6). What is the remainder when j(l) is divided by 9?
6
Suppose o - 86 + 9 = 0. Calculate the remainder when o is divided by 24.
5
What is the remainder when 13 is divided by (3/15)/((-4)/(-20))?
0
Let c(v) = 8*v**3 - v**2 - v + 15. Let g(z) = -7*z**3 + z**2 + z - 15. Let y(p) = -6*c(p) - 7*g(p). What is the remainder when y(0) is divided by 9?
6
Let m(a) = a**2 - 4*a - 29. Let d be m(-4). Suppose -w + d*w = 120. Calculate the remainder when w is divided by 22.
16
Suppose 5*s + 33 - 3 = 5*n, s + 20 = 3*n. What is the remainder when 109 is divided by n?
4
Let m = 1239 - 1224. What is the remainder when 54 is divided by m?
9
Suppose 16*p = 3*p + 104. Suppose -6*v + p = -5*v. What is the remainder when 26 is divided by v?
2
Let i(z) = -z**3 + 8*z**2 + 13*z - 16. Calculate the remainder when i(9) is divided by 8.
4
Let w(z) = 2*z**2 - 10. Let f be w(5). Suppose 3*q - 2*h - h - 30 = 0, -f = -4*q - 5*h. What is the remainder when q is divided by 8?
2
What is the remainder when 59 is divided by 22204/549 + (-8)/18 - -3?
16
What is the remainder when 26/((4/(-14))/(54/(-42))) is divided by 15?
12
Let o = -42 - -21. Let k = 31 + o. What is the remainder when 26 is divided by k?
6
Suppose -2*y = 2*i - 38, 0*i + 2*y - 59 = -3*i. What is the remainder when 332 is divided by i?
17
Suppose 77*x - 76*x + 3*d - 40 = 0, -4*x - 2*d = -120. What is the remainder when 401 is divided by x?
9
Let h(l) = l**2 - 8*l + 8. Let v(k) = k**2 + 3*k - 9. Let f be v(-6). Calculate the remainder when 32 is divided by h(f).
15
Let c = 19 + -11. Suppose 5*h + 2*a = 0, h - 5*a = -h. Let f = h + 14. Calculate the remainder when f is divided by c.
6
Let q = 112 - 59. Calculate the remainder when q is divided by 16.
5
Let s(r) = 2*r**3 - r**2 - 5*r - 5. Let h be s(-3). Let u = h - -57. Calculate the remainder when 26 is divided by u.
2
Let x = 86 - -24. Calculate the remainder when x is divided by 28.
26
Let m(l) = -l**3 - 15*l**2 - 14*l. Let u be m(-14). Suppose q = 5, -j - 3*q + 4 + 14 = u. Suppose 0*y = j*y - 18. What is the remainder when 17 is divided by y?
5
Let u = 32 - 62. Let m = u + 52. Calculate the remainder when m is divided by 6.
4
Suppose 3*d - 40 = -5*f, -5*f = 3*d - 6*d + 50. What is the remainder when 24 is divided by d?
9
Suppose -5*o + 4*b + 43 = 0, -2*o + 2*b + 17 = 1. Suppose -4*c - 10 = 3*s, -13 = -4*c - 5. Let y = s + 13. Calculate the remainder when o is divided by y.
4
Let h = -26 + 48. What is the remainder when 50 is divided by h?
6
Let s(f) = 2*f + 18. Let t be s(-14). Let d be (-36)/(-15) + 4/t. Suppose 4*m - d = 42. Calculate the remainder when 43 is divided by m.
10
Suppose 96*v - 5780 = 11*v. Calculate the remainder when 147 is divided by v.
11
Let b(v) = 2*v**2 + 37*v + 23. What is the remainder when b(-20) is divided by 16?
3
Let d(m) = -1. Let r(y) = -3*y + 3. Let q(x) = -2*d(x) + r(x). What is the remainder when q(-3) is divided by 3?
2
Suppose 0 = -18*m + 974 + 646. Calculate the remainder when m is divided by (2*4)/((-21)/(-42)).
10
Suppose -12*d + 68 = 5*d. Calculate the remainder when 171 is divided by d.
3
Suppose 4*d = 8*d + 3*p - 81, 0 = d - 4*p - 6. Calculate the remainder when 70 is divided by d.
16
Let a(d) = -2*d**3 + 2*d + 2. What is the remainder when 52 is divided by a(-2)?
10
Suppose -20 = 5*g - 80. Suppose -7*t = -8*t - 4, 0 = -4*s + 3*t + 212. Suppose -6*q + s = -88. What is the remainder when q is divided by g?
11
Suppose -f = -4*a + 260, 4*a - 2*f - 140 = 116. Suppose 5*l - a = 74. Let x = 327 + -217. Calculate the remainder when x is divided by l.
26
Let j(i) = i**3 + 1. Let s be j(1). Let h(z) = s - 10*z + 39*z - 3. Calculate the remainder when 54 is divided by h(1).
26
Suppose -k + 55 = 2*h, 0 = -3*h + 5*k - 8*k + 78. Calculate the remainder when 199 is divided by h.
25
Calculate the remainder when (-5 - -3)*2*(-2555)/20 is divided by 27.
25
Let i(y) = y**2 - 8*y - 20. Let k be ((-15)/(-10))/((-12)/(-88)). Let d be i(k). Let r = d + 1. Calculate the remainder when r is divided by 8.
6
Let r(o) = -7*o - 13. Suppose 2*d - a = -2*d - 24, -a = 5*d + 30. Calculate the remainder when r(d) is divided by 6.
5
Calculate the remainder when 129 is divided by 90/(-210) - 1*146/(-14).
9
Suppose 3*l - 372 = -9*l. What is the remainder when 264 is divided by l?
16
Suppose 117 - 349 = -2*c. Suppose 0 = 22*z - 27*z + 35. Calculate the remainder when c is divided by z.
4
Let y(b) = -b**2 + 8*b + 249. Calculate the remainder when 111 is divided by y(20).
3
Suppose 0 = 5*f + 259 + 121. Let y = -35 - f. Calculate the remainder when y is divided by 22.
19
Suppose 4*a - 6*a = -16. Suppose 0 = -2*f + a, f + 0*f = -4*p + 104. Calculate the remainder when 99 is divided by p.
24
Let u = 0 - -4. Suppose -3*s - 32 = -2*f - 2*s, u*s - 80 = -5*f. Suppose -7 = -2*l + 5. Calculate the remainder when f is divided by l.
4
Calculate the remainder when 70 is divided by (-42)/(-2) - (60 + -59).
10
Let x(z) = 74*z - 85*z + 71 - 65. Suppose 0 = -t - 1 - 3. Calculate the remainder when x(t) is divided by 17.
16
Suppose 16*c - 8*c = 256. Suppose -4*t + c = -2*t. Suppose 0 = -b - 0 + 11. Calculate the remainder when t is divided by b.
5
What is the remainder when (2 - (-48)/(-15))*-10 is divided by 96/18 + (-32)/24?
0
Suppose 5*t - 18 = 2*z + 2*z, -4*z - 6 = t. Suppose 3 + 3 = 2*l, -t*c = 3*l - 43. Calculate the remainder when